{"id":16,"date":"2016-04-02T13:44:02","date_gmt":"2016-04-02T13:44:02","guid":{"rendered":"http:\/\/zauberer-bagatelli.de\/?page_id=16"},"modified":"2016-04-29T16:55:04","modified_gmt":"2016-04-29T16:55:04","slug":"buecherwurm","status":"publish","type":"page","link":"http:\/\/zauberer-bagatelli.de\/?page_id=16","title":{"rendered":"B\u00fccherwurm"},"content":{"rendered":"<p><strong>Da staunt sogar der B\u00fccherwurm<br \/>\n<\/strong>Ein Zauberprogramm in dem es um B\u00fccher geht? Genau! Zauberer Bagatelli hat eine wirklich neue Zauberdarbietung geschaffen. Hier dreht sich alles um Buchstaben, B\u00fccher und Stories. Egal ob die Perlenkette der Prinzessin gestohlen wurde oder ob aus dem Buch<br \/>\n<strong>&#8222;Handbuch f\u00fcr Superagenten&#8220;\u00a0<\/strong>ein ganz schwieriger Fall zu l\u00f6sen ist.<\/p>\n<figure id=\"attachment_55\" aria-describedby=\"caption-attachment-55\" style=\"width: 650px\" class=\"wp-caption aligncenter\"><img loading=\"lazy\" decoding=\"async\" class=\"size-full wp-image-55\" src=\"http:\/\/zauberer-bagatelli.de\/wp-content\/uploads\/2016\/04\/buecherwurm_01.jpg\" alt=\"Gemeindehaus Remagen\" width=\"650\" height=\"432\" srcset=\"http:\/\/zauberer-bagatelli.de\/wp-content\/uploads\/2016\/04\/buecherwurm_01.jpg 650w, http:\/\/zauberer-bagatelli.de\/wp-content\/uploads\/2016\/04\/buecherwurm_01-300x199.jpg 300w\" sizes=\"auto, (max-width: 650px) 85vw, 650px\" \/><figcaption id=\"caption-attachment-55\" class=\"wp-caption-text\">Gemeindehaus Remagen<\/figcaption><\/figure>\n<p>Das Programm um die \u00a0<strong>&#8222;Magie des Buches&#8220;\u00a0<\/strong>fesselt Jung und Alt mit magischen H\u00f6rspielen, gespielten Geschichten und Zauberkunstst\u00fccken, die alle mit dem Lesen zu tun haben.<\/p>\n<figure id=\"attachment_56\" aria-describedby=\"caption-attachment-56\" style=\"width: 650px\" class=\"wp-caption aligncenter\"><img loading=\"lazy\" decoding=\"async\" class=\"size-full wp-image-56\" src=\"http:\/\/zauberer-bagatelli.de\/wp-content\/uploads\/2016\/04\/buecherwurm_02.jpg\" alt=\"Kinder- und Jugend-Literatur-Tage Viersen\" width=\"650\" height=\"409\" srcset=\"http:\/\/zauberer-bagatelli.de\/wp-content\/uploads\/2016\/04\/buecherwurm_02.jpg 650w, http:\/\/zauberer-bagatelli.de\/wp-content\/uploads\/2016\/04\/buecherwurm_02-300x189.jpg 300w\" sizes=\"auto, (max-width: 650px) 85vw, 650px\" \/><figcaption id=\"caption-attachment-56\" class=\"wp-caption-text\">Kinder- und Jugend-Literatur-Tage Viersen<\/figcaption><\/figure>\n<p>Den &#8222;Lehrgang f\u00fcr Detektive&#8220; hatte Bagatelli zun\u00e4chst nur f\u00fcr seinen Sohn geschrieben. Als daraus ein Buch werden sollte, musste er leider erkennen, dass es solche B\u00fccher zur Gen\u00fcge gab und so baute er eines der Kapitel zum \u201eMitspiel-Zauberkunstst\u00fcck\u201c um.<\/p>\n<p>Das war dann der Einstieg zu:\u00a0<strong>&#8222;Bagatellis B\u00fccherzauber&#8220;<\/strong><\/p>\n<figure id=\"attachment_57\" aria-describedby=\"caption-attachment-57\" style=\"width: 650px\" class=\"wp-caption aligncenter\"><img loading=\"lazy\" decoding=\"async\" class=\"size-full wp-image-57\" src=\"http:\/\/zauberer-bagatelli.de\/wp-content\/uploads\/2016\/04\/buecherwurm_03.jpg\" alt=\"Thalia Buchhandlung Bonn\" width=\"650\" height=\"488\" srcset=\"http:\/\/zauberer-bagatelli.de\/wp-content\/uploads\/2016\/04\/buecherwurm_03.jpg 650w, http:\/\/zauberer-bagatelli.de\/wp-content\/uploads\/2016\/04\/buecherwurm_03-300x225.jpg 300w\" sizes=\"auto, (max-width: 650px) 85vw, 650px\" \/><figcaption id=\"caption-attachment-57\" class=\"wp-caption-text\">Thalia Buchhandlung Bonn<\/figcaption><\/figure>\n<p><strong>Stimmen zu diesem Programm:<\/strong><\/p>\n<p>Lisa Thiel,\u00a0Hauptschullehrerin:<\/p>\n<blockquote>\n<p style=\"text-align: justify;\">&#8230; Sehr gut gefiel mir, dass die Geschichten in den B\u00fcchern nur schlafen und darauf warten, dass jemand sie durchs Lesen aufweckt.<\/p>\n<\/blockquote>\n<p>Hildegard J\u00e4ger, Sonderp\u00e4dagogin:<\/p>\n<blockquote>\n<p style=\"text-align: justify;\">&#8222;Unsere&#8220; Kinder waren trotz begrenzter Lesemotivation gefesselt. Wie die Prinzessin die Perlenkette wieder bekam, &#8222;das war schon cool&#8220;.<\/p>\n<\/blockquote>\n<p>Anton Simons,\u00a0Journalist d. Rheinzeitung:<\/p>\n<blockquote>\n<p style=\"text-align: justify;\">&#8230; versteht Bagatelli es, Kleine wie Gro\u00dfe gleicherma\u00dfen zu verbl\u00fcffen. Mit Charme l\u00e4sst er seine Zuschauer r\u00e4tseln, staunen, lachen und mitunter auch sich selbst und die eigene Wahrnehmung in Frage stellen &#8230;<\/p>\n<\/blockquote>\n<p>G.H.,\u00a0Vorsitzende F\u00f6rderverein\u00a0Bibliothek Endenich:<\/p>\n<blockquote>\n<p style=\"text-align: justify;\">Das Gespenst spukte noch lange in den K\u00f6pfen der Kinder. Ein Gl\u00fcck, dass es sich so schnell wieder im Buch einfangen lie\u00df. Unsere wenigen Zauberb\u00fccher waren schnell verliehen.<\/p>\n<\/blockquote>\n<p>Thalia Buchhandlung Bonn:<\/p>\n<blockquote>\n<p style=\"text-align: justify;\">Gem\u00e4\u00df seinem Motto \u201eKinder wollen nicht get\u00e4uscht, sondern bezaubert werden!\u201c bezaubert er seine jungen Zuschauer unterhaltsam und witzig mit Kunstst\u00fccken rund um das Buch.<\/p>\n<\/blockquote>\n<p>A.G. Agentur f\u00fcr\u00a0Autorenlesungen:<\/p>\n<blockquote>\n<p style=\"text-align: justify;\">Den Kindern hat die Veranstaltung mit Ihnen sehr gut gefallen. Der \u201eB\u00fccherwurm\u201c passte ja auch sehr gut in das Programm der Literaturtage.<\/p>\n<\/blockquote>\n<p>D.D. Leiter B\u00fcchereiverbund:<\/p>\n<blockquote><p>&#8230; das war eine wunderbare\u00a0Vorstellung. Es war unter den Kindern eine solch tolle, gel\u00f6ste Stimmung, die sind so herrlich mitgegangen &#8230;<\/p><\/blockquote>\n<p>Hausmeister einer Schule:<\/p>\n<blockquote><p>&#8222;Hauptsache kein Konfetti, der Rest ist egal!&#8220;<\/p><\/blockquote>\n<figure id=\"attachment_58\" aria-describedby=\"caption-attachment-58\" style=\"width: 650px\" class=\"wp-caption aligncenter\"><img loading=\"lazy\" decoding=\"async\" class=\"size-full wp-image-58\" src=\"http:\/\/zauberer-bagatelli.de\/wp-content\/uploads\/2016\/04\/buecherwurm_04.jpg\" alt=\"Abschluss: Lesesommer Neustadt\" width=\"650\" height=\"486\" srcset=\"http:\/\/zauberer-bagatelli.de\/wp-content\/uploads\/2016\/04\/buecherwurm_04.jpg 650w, http:\/\/zauberer-bagatelli.de\/wp-content\/uploads\/2016\/04\/buecherwurm_04-300x224.jpg 300w\" sizes=\"auto, (max-width: 650px) 85vw, 650px\" \/><figcaption id=\"caption-attachment-58\" class=\"wp-caption-text\">Abschluss Lesesommer Neustadt<\/figcaption><\/figure>\n<ul>\n<li><strong>Spielfl\u00e4che<\/strong>:\u00a0mindestens 3 x 2 Meter<\/li>\n<li><strong>Spieldauer<\/strong>: ca. 60 Minuten,\u00a0Ausschnitte sind m\u00f6glich<\/li>\n<li><strong>Aufbauzeit<\/strong>: 30 Minuten<\/li>\n<li><strong>Abbauzeit<\/strong>: 20 Minuten<\/li>\n<li><strong>Mikrofon<\/strong>: drahtlos, Headset<\/li>\n<li><strong>Beschallung<\/strong>: drahtlos mit Akkus m\u00f6glich bis 100 Personen<\/li>\n<li><strong>Zielgruppe<\/strong>: Kinder v. 5 -10 J.<\/li>\n<li><strong>Geeignet f\u00fcr<\/strong>: 5 &#8211; 150 Pers.<\/li>\n<\/ul>\n<figure id=\"attachment_59\" aria-describedby=\"caption-attachment-59\" style=\"width: 650px\" class=\"wp-caption aligncenter\"><img loading=\"lazy\" decoding=\"async\" class=\"size-full wp-image-59\" src=\"http:\/\/zauberer-bagatelli.de\/wp-content\/uploads\/2016\/04\/buecherwurm_05.jpg\" alt=\"Grundschule Pech\" width=\"650\" height=\"469\" srcset=\"http:\/\/zauberer-bagatelli.de\/wp-content\/uploads\/2016\/04\/buecherwurm_05.jpg 650w, http:\/\/zauberer-bagatelli.de\/wp-content\/uploads\/2016\/04\/buecherwurm_05-300x216.jpg 300w\" sizes=\"auto, (max-width: 650px) 85vw, 650px\" \/><figcaption id=\"caption-attachment-59\" class=\"wp-caption-text\">Grundschule Pech<\/figcaption><\/figure>\n<figure id=\"attachment_60\" aria-describedby=\"caption-attachment-60\" style=\"width: 650px\" class=\"wp-caption aligncenter\"><img loading=\"lazy\" decoding=\"async\" class=\"wp-image-60 size-full\" src=\"http:\/\/zauberer-bagatelli.de\/wp-content\/uploads\/2016\/04\/buecherwurm_06.jpg\" alt=\" Familienzentrum Wachtberg\" width=\"650\" height=\"486\" srcset=\"http:\/\/zauberer-bagatelli.de\/wp-content\/uploads\/2016\/04\/buecherwurm_06.jpg 650w, http:\/\/zauberer-bagatelli.de\/wp-content\/uploads\/2016\/04\/buecherwurm_06-300x224.jpg 300w\" sizes=\"auto, (max-width: 650px) 85vw, 650px\" \/><figcaption id=\"caption-attachment-60\" class=\"wp-caption-text\">Familienzentrum Wachtberg<\/figcaption><\/figure>\n<figure id=\"attachment_61\" aria-describedby=\"caption-attachment-61\" style=\"width: 650px\" class=\"wp-caption aligncenter\"><img loading=\"lazy\" decoding=\"async\" class=\"wp-image-61 size-full\" src=\"http:\/\/zauberer-bagatelli.de\/wp-content\/uploads\/2016\/04\/buecherwurm_07.jpg\" alt=\"Bibliothek K\u00f6ln\" width=\"650\" height=\"486\" srcset=\"http:\/\/zauberer-bagatelli.de\/wp-content\/uploads\/2016\/04\/buecherwurm_07.jpg 650w, http:\/\/zauberer-bagatelli.de\/wp-content\/uploads\/2016\/04\/buecherwurm_07-300x224.jpg 300w\" sizes=\"auto, (max-width: 650px) 85vw, 650px\" \/><figcaption id=\"caption-attachment-61\" class=\"wp-caption-text\">Stadtbibliothek Wesseling<\/figcaption><\/figure>\n<figure id=\"attachment_114\" aria-describedby=\"caption-attachment-114\" style=\"width: 650px\" class=\"wp-caption aligncenter\"><img loading=\"lazy\" decoding=\"async\" class=\"wp-image-114 size-full\" src=\"http:\/\/zauberer-bagatelli.de\/wp-content\/uploads\/2016\/04\/B\u00fcWuSinz16-e1460475793631.jpg\" alt=\"OLYMPUS DIGITAL CAMERA\" width=\"650\" height=\"433\" \/><figcaption id=\"caption-attachment-114\" class=\"wp-caption-text\">B\u00fccherei Sinzig<\/figcaption><\/figure>\n<p>&nbsp;<\/p>\n","protected":false},"excerpt":{"rendered":"<p>Da staunt sogar der B\u00fccherwurm Ein Zauberprogramm in dem es um B\u00fccher geht? Genau! Zauberer Bagatelli hat eine wirklich neue Zauberdarbietung geschaffen. Hier dreht sich alles um Buchstaben, B\u00fccher und Stories. Egal ob die Perlenkette der Prinzessin gestohlen wurde oder ob aus dem Buch &#8222;Handbuch f\u00fcr Superagenten&#8220;\u00a0ein ganz schwieriger Fall zu l\u00f6sen ist. Das Programm &hellip; <a href=\"http:\/\/zauberer-bagatelli.de\/?page_id=16\" class=\"more-link\"><span class=\"screen-reader-text\">\u201eB\u00fccherwurm\u201c <\/span>weiterlesen<\/a><\/p>\n","protected":false},"author":1,"featured_media":0,"parent":0,"menu_order":0,"comment_status":"closed","ping_status":"closed","template":"","meta":{"footnotes":""},"class_list":["post-16","page","type-page","status-publish","hentry"],"_links":{"self":[{"href":"http:\/\/zauberer-bagatelli.de\/index.php?rest_route=\/wp\/v2\/pages\/16","targetHints":{"allow":["GET"]}}],"collection":[{"href":"http:\/\/zauberer-bagatelli.de\/index.php?rest_route=\/wp\/v2\/pages"}],"about":[{"href":"http:\/\/zauberer-bagatelli.de\/index.php?rest_route=\/wp\/v2\/types\/page"}],"author":[{"embeddable":true,"href":"http:\/\/zauberer-bagatelli.de\/index.php?rest_route=\/wp\/v2\/users\/1"}],"replies":[{"embeddable":true,"href":"http:\/\/zauberer-bagatelli.de\/index.php?rest_route=%2Fwp%2Fv2%2Fcomments&post=16"}],"version-history":[{"count":20,"href":"http:\/\/zauberer-bagatelli.de\/index.php?rest_route=\/wp\/v2\/pages\/16\/revisions"}],"predecessor-version":[{"id":143,"href":"http:\/\/zauberer-bagatelli.de\/index.php?rest_route=\/wp\/v2\/pages\/16\/revisions\/143"}],"wp:attachment":[{"href":"http:\/\/zauberer-bagatelli.de\/index.php?rest_route=%2Fwp%2Fv2%2Fmedia&parent=16"}],"curies":[{"name":"wp","href":"https:\/\/api.w.org\/{rel}","templated":true}]}}